ctors of 7119402.
2, 3, 769, 1543
List the prime factors of 8140132.
2, 7, 11, 13, 19, 107
List the prime factors of 80740.
2, 5, 11, 367
List the prime factors of 5810055.
3, 5, 79, 4903
What are the prime factors of 231203?
7, 33029
What are the prime factors of 41442?
2, 3, 6907
What are the prime factors of 252018?
2, 3, 13, 359
What are the prime factors of 14852158?
2, 23, 61, 67, 79
What are the prime factors of 1505305?
5, 163, 1847
List the prime factors of 1166069.
433, 2693
List the prime factors of 2173218.
2, 3, 362203
What are the prime factors of 2296372?
2, 13, 43, 79
What are the prime factors of 206630?
2, 5, 20663
List the prime factors of 385819.
7, 55117
List the prime factors of 833437.
11, 75767
What are the prime factors of 1749?
3, 11, 53
List the prime factors of 4898497.
4898497
List the prime factors of 2479584.
2, 3, 23, 1123
List the prime factors of 18403307.
13, 1415639
What are the prime factors of 1483076?
2, 7, 52967
List the prime factors of 1286880.
2, 3, 5, 7, 383
What are the prime factors of 1613296?
2, 59, 1709
List the prime factors of 7675304.
2, 7, 13, 811
List the prime factors of 164006.
2, 82003
List the prime factors of 14767818.
2, 3, 13, 59, 3209
What are the prime factors of 15164405?
5, 563, 5387
What are the prime factors of 1209318?
2, 3, 11, 73, 251
What are the prime factors of 1209763?
1209763
What are the prime factors of 342240?
2, 3, 5, 23, 31
List the prime factors of 6168480.
2, 3, 5, 71, 181
List the prime factors of 354588.
2, 3, 13, 2273
List the prime factors of 6350999.
2287, 2777
List the prime factors of 9265362.
2, 3, 1544227
What are the prime factors of 247428?
2, 3, 29, 79
What are the prime factors of 445706?
2, 17, 13109
List the prime factors of 711704.
2, 7, 71, 179
List the prime factors of 576842.
2, 7, 41203
What are the prime factors of 901125?
3, 5, 89
List the prime factors of 13408210.
2, 5, 919, 1459
List the prime factors of 4760809.
4760809
List the prime factors of 330761.
353, 937
List the prime factors of 9862269.
3, 157, 20939
List the prime factors of 664390.
2, 5, 29, 79
List the prime factors of 109817.
193, 569
What are the prime factors of 335879?
335879
What are the prime factors of 2721520?
2, 5, 34019
What are the prime factors of 26072435?
5, 5214487
List the prime factors of 5170345.
5, 1034069
What are the prime factors of 6079682?
2, 7, 23, 79, 239
List the prime factors of 2887266.
2, 3, 481211
List the prime factors of 4656688.
2, 291043
List the prime factors of 13976226.
2, 3, 11, 23, 31
List the prime factors of 1613288.
2, 201661
List the prime factors of 2376233.
599, 3967
What are the prime factors of 10516038?
2, 3, 13, 29, 4649
What are the prime factors of 2021287?
373, 5419
What are the prime factors of 448657?
11, 40787
List the prime factors of 6069289.
17, 21001
List the prime factors of 64944.
2, 3, 11, 41
What are the prime factors of 89453?
7, 13, 983
What are the prime factors of 828919?
7, 13, 9109
List the prime factors of 726001.
83, 8747
List the prime factors of 322638.
2, 3, 53773
List the prime factors of 259122.
2, 3, 19, 2273
What are the prime factors of 7341742?
2, 3670871
List the prime factors of 38168.
2, 13, 367
List the prime factors of 10831260.
2, 3, 5, 11, 16411
List the prime factors of 10580745.
3, 5, 7, 100769
What are the prime factors of 89544?
2, 3, 7, 13, 41
List the prime factors of 3310648.
2, 11, 17, 2213
What are the prime factors of 3387916?
2, 7, 120997
List the prime factors of 559405.
5, 7, 11, 1453
List the prime factors of 7757589.
3, 7, 369409
What are the prime factors of 16372204?
2, 37, 110623
List the prime factors of 1883814.
2, 3, 313969
What are the prime factors of 1135854?
2, 3, 63103
List the prime factors of 12030423.
3, 4010141
List the prime factors of 4316433.
3, 11, 23, 47
What are the prime factors of 143299?
13, 73, 151
List the prime factors of 2726880.
2, 3, 5, 13, 19, 23
What are the prime factors of 4364318?
2, 7, 311737
List the prime factors of 3344320.
2, 5, 7, 1493
What are the prime factors of 3537566?
2, 389, 4547
List the prime factors of 1568010.
2, 3, 5, 52267
What are the prime factors of 265339?
265339
What are the prime factors of 474586?
2, 7, 109, 311
List the prime factors of 30196993.
613, 49261
What are the prime factors of 192365?
5, 79, 487
What are the prime factors of 1191846?
2, 3, 198641
List the prime factors of 16052195.
5, 67, 47917
List the prime factors of 28586.
2, 14293
List the prime factors of 7277113.
2393, 3041
List the prime factors of 1131665.
5, 239, 947
List the prime factors of 39533.
13, 3041
List the prime factors of 4522697.
17, 23, 43, 269
What are the prime factors of 17915811?
3, 41, 113, 1289
What are the prime factors of 190529?
190529
What are the prime factors of 11075596?
2, 7, 43, 9199
What are the prime factors of 1786589?
7, 19, 101
List the prime factors of 132391.
7, 18913
List the prime factors of 364868.
2, 7, 83, 157
What are the prime factors of 36020874?
2, 3, 1931, 3109
What are the prime factors of 9314099?
9314099
What are the prime factors of 3517841?
41, 239, 359
What are the prime factors of 5272432?
2, 11, 29, 1033
What are the prime factors of 11896652?
2, 569, 5227
What are the prime factors of 100228?
2, 25057
List the prime factors of 28672884.
2, 3, 271, 2939
What are the prime factors of 1335994?
2, 11, 60727
List the prime factors of 217402.
2, 71, 1531
What are the prime factors of 634933?
13, 17
What are the prime factors of 1929667?
67, 83, 347
List the prime factors of 10192780.
2, 5, 13, 197, 199
What are the prime factors of 160181?
7, 467
What are the prime factors of 831623?
13, 17, 53, 71
What are the prime factors of 5928698?
2, 2964349
What are the prime factors of 393134?
2, 7, 28081
What are the prime factors of 2893443?
3, 7, 211, 653
List the prime factors of 18755242.
2, 11, 19, 4079
What are the prime factors of 145287?
3, 5381
What are the prime factors of 1460980?
2, 5, 17, 4297
List the prime factors of 253344.
2, 3, 7, 13, 29
List the prime factors of 160459.
13, 12343
What are the prime factors of 640518?
2, 3, 106753
List the prime factors of 1018554.
2, 3, 53, 3203
What are the prime factors of 30985293?
3, 10328431
List the prime factors of 144300.
2, 3, 5, 13, 37
List the prime factors of 311363.
13, 43, 557
List the prime factors of 10732518.
2, 3, 596251
What are the prime factors of 17078?
2, 8539
List the prime factors of 175070.
2, 5, 7, 41, 61
List the prime factors of 611758.
2, 7, 37, 1181
What are the prime factors of 694919?
694919
List the prime factors of 316426.
2, 11, 19, 757
List the prime factors of 14546146.
2, 7273073
What are the prime factors of 753728?
2, 11777
What are the prime factors of 397394?
2, 23, 53, 163
List the prime factors of 130608.
2, 3, 907
List the prime factors of 10304415.
3, 5, 11, 257
What are the prime factors of 2248792?
2, 7, 13, 3089
What are the prime factors of 4168326?
2, 3, 694721
List the prime factors of 65780.
2, 5, 11, 13, 23
List the prime factors of 9785861.
1051, 9311
What are the prime factors of 5257464?
2, 3, 439, 499
List the prime factors of 808604.
2, 31, 6521
What are the prime factors of 474045?
3, 5, 11, 13, 17
What are the prime factors of 6780?
2, 3, 5, 113
List the prime factors of 1004295.
3, 5, 23, 41, 71
List the prime factors of 38116267.
7, 23, 31, 1091
What are the prime factors of 909198?
2, 3, 113, 149
List the prime factors of 11362637.
11, 13, 181, 439
What are the prime factors of 27526672?
2, 17, 5953
List the prime factors of 18490076.
2, 11, 61, 83
What are the prime factors of 26981218?
2, 11, 149, 8231
List the prime factors of 173684.
2, 7, 6203
List the prime factors of 130052.
2, 13, 41, 61
List the prime factors of 174963.
3, 58321
List the prime factors of 9384170.
2, 5, 17, 55201
What are the prime factors of 296181?
3, 32909
List the prime factors of 5845771.
5845771
List the prime factors of 1151126.
2, 29, 89, 223
What are the prime factors of 1550476?
2, 19, 23, 887
List the prime factors of 48585.
3, 5, 41, 79
List the prime factors of 2051431.
29, 127, 557
List the prime factors of 2214583.
7, 19, 16651
What are the prime factors of 173975?
5, 6959
What are the prime f